{"id":4,"date":"2018-12-16T19:15:09","date_gmt":"2018-12-16T18:15:09","guid":{"rendered":"https:\/\/www.ccbb-insaiguaviva.org\/matematiques\/?page_id=4"},"modified":"2018-12-17T20:48:08","modified_gmt":"2018-12-17T19:48:08","slug":"ccbb-matematiques","status":"publish","type":"page","link":"https:\/\/www.ccbb-insaiguaviva.org\/matematiques\/","title":{"rendered":"CCBB Matem\u00e0tiques"},"content":{"rendered":"\n<p style=\"text-align:center\"><em><strong>Departament de Matem\u00e0tiques<\/strong><\/em><\/p>\n\n\n\n<p style=\"text-align:center\"><em><strong>Compet\u00e8ncies b\u00e0siques<\/strong><\/em><\/p>\n","protected":false},"excerpt":{"rendered":"<p>Departament de Matem\u00e0tiques Compet\u00e8ncies b\u00e0siques<\/p>\n","protected":false},"author":1,"featured_media":0,"parent":0,"menu_order":0,"comment_status":"closed","ping_status":"closed","template":"","meta":{"footnotes":""},"class_list":["post-4","page","type-page","status-publish","hentry"],"_links":{"self":[{"href":"https:\/\/www.ccbb-insaiguaviva.org\/matematiques\/wp-json\/wp\/v2\/pages\/4"}],"collection":[{"href":"https:\/\/www.ccbb-insaiguaviva.org\/matematiques\/wp-json\/wp\/v2\/pages"}],"about":[{"href":"https:\/\/www.ccbb-insaiguaviva.org\/matematiques\/wp-json\/wp\/v2\/types\/page"}],"author":[{"embeddable":true,"href":"https:\/\/www.ccbb-insaiguaviva.org\/matematiques\/wp-json\/wp\/v2\/users\/1"}],"replies":[{"embeddable":true,"href":"https:\/\/www.ccbb-insaiguaviva.org\/matematiques\/wp-json\/wp\/v2\/comments?post=4"}],"version-history":[{"count":2,"href":"https:\/\/www.ccbb-insaiguaviva.org\/matematiques\/wp-json\/wp\/v2\/pages\/4\/revisions"}],"predecessor-version":[{"id":10,"href":"https:\/\/www.ccbb-insaiguaviva.org\/matematiques\/wp-json\/wp\/v2\/pages\/4\/revisions\/10"}],"wp:attachment":[{"href":"https:\/\/www.ccbb-insaiguaviva.org\/matematiques\/wp-json\/wp\/v2\/media?parent=4"}],"curies":[{"name":"wp","href":"https:\/\/api.w.org\/{rel}","templated":true}]}}